) = -2*i**3 - 12*i**2 + 1. Let f(x) = -l(x) + 6*o(x). Calculate f(-6).
-30
Suppose -13 = t - 18. Suppose -b - 3*f = f - 7, -6 = -4*b - t*f. Let z(c) = 26*c - 1. Give z(b).
-27
Let t(c) = c**3 - 3*c**2 - c - 5. Let s(m) = 9*m**2 + 9*m - 51. Let v(o) = 5*o**2 + 4*o - 26. Let h(n) = 6*s(n) - 11*v(n). Let f be h(6). Calculate t(f).
7
Let y be -1 + (-1)/(1/(-4)). Suppose y*d + d - 52 = 0. Suppose -5*m + 4*f + 2 = 0, 6*m + f + d = m. Let p(t) = 3*t**2 - 2. Give p(m).
10
Let a(m) = m**3 - 4*m. Let v be a(-2). Suppose i = 2*f + 10, v = -4*i - 4*f + f + 40. Let j(w) = -6 - 184*w**2 + 185*w**2 + i*w + 15. Calculate j(-6).
-15
Suppose 6*s + 132 = -16*s. Let n(w) = -w**3 - 7*w**2 - 3*w + 8. Determine n(s).
-10
Let z(p) = -14*p**2 - 78*p + 39. Let o(s) = 12*s**2 + 73*s - 39. Let t(g) = -5*o(g) - 4*z(g). Give t(-14).
-3
Suppose 0 = -7*r - 26 - 23, -6 = -5*c + 3*r. Let o(y) be the first derivative of -y**4/4 - 2*y**3/3 + 3*y**2/2 - 2. What is o(c)?
0
Let f be ((-112)/(-32))/((-63)/(-54)). Let d(z) = 8*z - 14. Give d(f).
10
Let r(m) = -82*m + 91. Let v(k) = 59*k - 68. Let a(q) = 8*r(q) + 11*v(q). Determine a(-2).
-6
Let k = 4 + 0. Let o(b) = -5*b - 45. Let u be o(-10). Let f(r) = r + r - u*r + k*r + 11*r**2. Determine f(-1).
10
Let r(b) = -6*b - 6. Let x(u) = u + 1. Let c(s) = -r(s) - 5*x(s). Let h(o) = o**3 - o**2 + 5*o + 5. Let n(l) = -5*c(l) + h(l). What is n(0)?
0
Let t be (187/(-22) + 8)*(-156)/2. Let o be 160/(-26) - -6 - 150/t. Let u(r) = -r**2 - 7*r - 11. Determine u(o).
1
Let r(l) be the first derivative of -l**3/3 - 41*l**2/2 - 121*l + 8594. Give r(-38).
-7
Suppose -4*y + 5*l = 3, 2*y + 3*l - 18 = -3. Let c(b) = 11*b + 8. Let m(f) = 6*f + 7. Let z(x) = y*c(x) - 5*m(x). Give z(3).
-2
Let w = 31 - 14. Let x(n) = -48*n + 33*n + w*n + 10. Determine x(-6).
-2
Let c be (185/2220)/(2/4). Let j(z) be the second derivative of -25*z + 0 + c*z**3 + 5/12*z**4 + 1/20*z**5 - 1/2*z**2. Calculate j(-5).
-6
Let q(j) = -3*j**2 + 3*j + 2. Let n(c) = 5*c**2 + 1. Let r be n(1). Suppose -5 - 31 = -r*l. Suppose 4*x + 2 = -l. Give q(x).
-16
Let f(z) = -7*z - 2. Let q(o) = 155 - 77 - 11*o - 81. Let h(w) = 8*f(w) - 5*q(w). Calculate h(1).
-2
Let s(a) = a**3 + 2*a**2 - 5*a - 2. Suppose -5*l = -15, 4*m - 111 = 4*l + 97. Suppose 52 = r + m. Determine s(r).
4
Let g(m) be the first derivative of m**3/3 - 22*m - 864. Give g(5).
3
Let r(y) = -y**3 - 6*y**2 - 2*y + 3. Let m be ((-2)/2)/((-174)/(-870)). Calculate r(m).
-12
Let j(q) = 2*q - 1. Let y(a) = -a**2 + 6*a - 8. Suppose -3*m - 12 = 0, 4*t + 2*m + 10 = 6*t. Let u(o) = t*y(o) - 4*j(o). Determine u(-3).
-7
Let g(o) = -2*o**2 + 181*o + 2225. Let f be g(-11). Let d(i) be the third derivative of -i**6/120 - 7*i**5/60 + 7*i**4/24 + i**3/6 - 2*i**2. What is d(f)?
9
Suppose 7*v + 4*a - 449 = 4*v, 0 = v - 3*a - 128. Let l(m) = -29 + 148*m - 292*m + v*m. Give l(-23).
-6
Let t(u) be the second derivative of -8*u**3/3 + 9*u**2/2 - 110*u. Determine t(4).
-55
Let s(n) be the third derivative of -n**5/60 + 17*n**4/24 - 19*n**3/3 - n**2 + 2*n + 18. Give s(11).
28
Let b(q) be the first derivative of q**5/4 - q**4/24 - 163*q**3/3 - 48. Let k(w) be the third derivative of b(w). Calculate k(1).
29
Suppose 53*n = -46*n + 693. Let p(h) = -3*h**3 - h**2 - h - 1. Let r be p(-1). Let j(m) = 1 + 2*m - n - r. Determine j(6).
4
Let p be (1/4*(-37 - -39))/((-3)/(-54)). Let n(r) be the third derivative of -2/3*r**3 + 0 - p*r**2 + 1/24*r**4 + 0*r. Determine n(9).
5
Suppose 15*k = 3*k - 2184. Let l = -176 - k. Let h(n) = n**3 - 6*n**2 - n + 5. Determine h(l).
-1
Let u(y) = 5*y - 2. Suppose 5*f - 47 - 52 = -3*t, 55 = 3*f + 4*t. Suppose -f = 89*g - 82*g. Calculate u(g).
-17
Suppose 4 = -p - 3*q, -7*p = -4*p - 5*q - 16. Let f = -9 - -3. Let a be (f/24 - p) + 2/8. Let m(o) = o**3 + 1. What is m(a)?
-7
Let j(n) = 0*n**2 - 14*n + 20 + 12 - 4*n**2 + 10 + 5*n**2. What is j(7)?
-7
Let s(g) = g**2 - 28*g + 157. Let c be s(20). Let k(n) = -25*n - 69. Give k(c).
6
Let g(v) be the first derivative of -v**3/3 + 19*v**2/2 - 25*v - 971. Calculate g(19).
-25
Let z(k) = 190*k + 2 - 183*k - 5 - 7. What is z(3)?
11
Let a be (-10)/(-3)*(-105)/(-35) + -6 + -21. Let m(c) = 22*c + 377. Calculate m(a).
3
Let u(t) = 5*t**3 + 42*t**2 - t + 5. Let a(p) = -6*p**3 - 51*p**2 - 5. Let r(d) = 6*a(d) + 7*u(d). Give r(-12).
89
Let u(j) = -237 - 247 + 730 - 245 + 4*j**2 - j**3. Let s = 6 - 2. Determine u(s).
1
Let s(h) = -h**3 + 6*h**2 - h + 9. Let t(j) = 9*j - 27. Let z(r) = -4*r + 13. Let p(i) = 4*t(i) + 10*z(i). Let k be p(4). Calculate s(k).
3
Let h(v) = -2*v**2 - v. Let p(t) = -t**2 + t + 1. Let f(o) = -h(o) + p(o). Suppose -8 = -2*y - 2*u, 4*y = y + 5*u - 4. Let i = -6 + y. Calculate f(i).
9
Let r(v) = 17*v + 1705*v**2 - 856*v**2 - 852*v**2 - v - 1. What is r(6)?
-13
Let w = -61 + 140. Let l = 88 - w. Let m(t) = 2 + l - 1 + 2*t + 1. Give m(-8).
-5
Let f(l) = -l**2 + 2*l - 2. Let z be 12/(-18) - (-1918)/(-3). Let k be (4/5)/(-1) - z/50. Suppose -2*t = 2*b + 6, 0*b + k = b - 2*t. Determine f(b).
-2
Let r(p) = 6 - 4 + 6 - p**2 + 9*p - 2*p. Let u(t) = -t**3 + 3*t**2 + 69*t + 18. Let n be u(10). What is r(n)?
0
Let g(n) be the first derivative of 227 - 13*n - 1/3*n**3 + 3*n**2. Determine g(6).
-13
Let n(c) = 0 - c + 0*c - 5. Suppose 25 = -5*h + 4*x - 2, 18 = -4*h + 2*x. Let z be (-2)/h - (-40)/(-6). What is n(z)?
1
Let j(h) = 50*h + 205. Let i be j(-4). Let o(a) be the third derivative of 0*a - 26*a**2 + 5/6*a**3 - 1/60*a**i + 0 - 1/8*a**4. Give o(-6).
-13
Let m(w) be the first derivative of w**5/120 + w**4/8 + w**3 + 18. Let x(u) be the third derivative of m(u). Let q be (-12)/10*(-25)/(-10). Calculate x(q).
0
Suppose -2*u + 4*c = -846, -c - 321 = 4*u - 1995. Let k = u - 421. Let r(l) = 6*l**2 + 2*l + 3. What is r(k)?
23
Let v = -730 + 740. Let q(y) = v*y + 0 + 2 - 2*y**3 + y**2 - 9*y - y**3. Give q(-2).
28
Let b(k) = 0 - 16*k**2 + 0 + 1. Let z = 146 + -41. Let o = z + -106. Determine b(o).
-15
Let y = 639 + -147. Let v(b) = -15*b**2 - y + 0*b + b + 491. Let r be (-1 - 0/1) + 2. Determine v(r).
-15
Let g(p) = 6*p + 12. Let z = 5249 + -5251. What is g(z)?
0
Let u(p) = -1 + p**2 - 3 - 1 + 6 - 5 - 4*p. Let l = 4 + 0. Determine u(l).
-4
Let p(u) = -3*u**2 + 1. Let j(n) = -11*n**2 + 40*n - 22. Let b(l) = -j(l) + 2*p(l). Determine b(7).
-11
Let f(c) be the first derivative of -c**4/4 + c**3/3 - c**2/2 + 7*c - 54. Calculate f(-3).
46
Let z(m) = m**3 - 4*m**2 + 5*m - 1. Let q = -793 + 797. Suppose -3*b + 9 = 0, 18*u - q*b + 32 = 23*u. Calculate z(u).
19
Let d be -1*(4/(-2) - 18). Suppose 0 = -0*z - 5*z - d. Let u(q) be the third derivative of q**5/60 + q**4/24 + 2*q**3/3 - 31*q**2. What is u(z)?
16
Let d(f) = 29*f**2 + 416*f - 173. Let a(o) = 6*o**2 + 84*o - 35. Let x(k) = -19*a(k) + 4*d(k). What is x(-34)?
-27
Let a(k) be the second derivative of -16*k + 6 - 1/2*k**2 - 1/20*k**5 + 3/4*k**4 - 5/3*k**3. Give a(8).
-17
Let c = 74 - 69. Suppose -9 = -c*j + 6. Let g(z) be the first derivative of -z**3/3 - z**2 + 2*z + 1. Calculate g(j).
-13
Suppose 21*p - 20*p + 913 = -4*i, 0 = 4*p + 4. Let d = i + 232. Let j(q) = 2*q - 2. Calculate j(d).
6
Let w(i) = -i**2 - 2*i + 4. Let s = -400 + 412. Suppose x + 20 = 3*v, 3*x + v + s = 2. Calculate w(x).
-11
Suppose m + 3*m - 8 = 0. Let o(j) be the second derivative of j**5/10 - j**4/4 + j**2 + 1500*j. Calculate o(m).
6
Let r(j) = 6*j - 13. Let b = 648 + -643. Calculate r(b).
17
Let s(h) = h**2 - 6*h + 4. Suppose o + 3*v + 241 = -3*o, 2*v = -5*o - 303. Let x = o + 26. Let j be (x/42)/(2/(-12)). Calculate s(j).
-1
Let k(z) = 8*z + 8. Let m be k(5). Let l = m + -36. Let o(w) = 5*w - 24*w + l*w. What is o(-1)?
7
Let u(s) = -43*s - 33. Let g(p) = 19*p + 15. Let n(y) = 9*g(y) + 4*u(y). Let f(v) = v**2 - 5*v + 6. Let k be f(4). Let d be ((-35)/(-28))/(k/8). Determine n(d).
-2
Let x be (8/10)/(5/(-125)). Let u be (4/5)/((-8)/x). Let y(n) = n - 18 + 18 - 9*n + 19*n. Determine y(u).
22
Suppose -60 = 5*a + 5*d, 3*d + 90 = 18*a - 30*a. Let z(i) = i**3 + 5*i**2 - 9. What is z(a)?
-45
Let t be ((-96075)/400)/(-61) + 1/16. Let g(z) = -7*z**3 + 13*z**2 - 6*z + 8. Let i(d) = -d**3 + d**2 + d. Let c(v) = -g(v) + 6*i(v). Calculate c(t).
-8
Let z be ((-56)/77)/(-8) + 63/33. Let b(g) = -6*g**2 + g + 4. Give b(z).
-18
Let i(j) be the second derivative of j**5/20 + 7*j**4/12 + j**3 